 the remainder when 1049 is divided by 342?
23
Calculate the remainder when 82905 is divided by 11.
9
What is the remainder when 274 is divided by 23?
21
Calculate the remainder when 1032 is divided by 118.
88
Calculate the remainder when 59 is divided by 23.
13
What is the remainder when 839 is divided by 12?
11
What is the remainder when 308 is divided by 48?
20
What is the remainder when 401 is divided by 55?
16
What is the remainder when 360 is divided by 14?
10
What is the remainder when 145 is divided by 124?
21
Calculate the remainder when 285 is divided by 55.
10
Calculate the remainder when 40 is divided by 4.
0
Calculate the remainder when 332 is divided by 88.
68
What is the remainder when 216 is divided by 73?
70
Calculate the remainder when 4949 is divided by 19.
9
What is the remainder when 91 is divided by 19?
15
Calculate the remainder when 110 is divided by 21.
5
What is the remainder when 727 is divided by 180?
7
What is the remainder when 4005 is divided by 336?
309
Calculate the remainder when 1227 is divided by 82.
79
Calculate the remainder when 422 is divided by 165.
92
What is the remainder when 924 is divided by 185?
184
What is the remainder when 191 is divided by 68?
55
What is the remainder when 1256 is divided by 17?
15
Calculate the remainder when 10889 is divided by 6.
5
Calculate the remainder when 955 is divided by 41.
12
What is the remainder when 123 is divided by 14?
11
What is the remainder when 4026 is divided by 76?
74
Calculate the remainder when 586 is divided by 42.
40
What is the remainder when 10552 is divided by 69?
64
Calculate the remainder when 1347 is divided by 104.
99
What is the remainder when 33 is divided by 19?
14
Calculate the remainder when 91729 is divided by 68.
65
Calculate the remainder when 5961 is divided by 230.
211
Calculate the remainder when 175 is divided by 15.
10
What is the remainder when 69 is divided by 35?
34
Calculate the remainder when 85 is divided by 7.
1
What is the remainder when 1760 is divided by 28?
24
What is the remainder when 197 is divided by 21?
8
Calculate the remainder when 23 is divided by 11.
1
What is the remainder when 2249 is divided by 1115?
19
What is the remainder when 303 is divided by 76?
75
Calculate the remainder when 321 is divided by 9.
6
Calculate the remainder when 5805 is divided by 83.
78
Calculate the remainder when 714 is divided by 20.
14
Calculate the remainder when 3755 is divided by 17.
15
What is the remainder when 8238 is divided by 80?
78
What is the remainder when 55 is divided by 34?
21
What is the remainder when 1375 is divided by 69?
64
What is the remainder when 629 is divided by 96?
53
Calculate the remainder when 656 is divided by 9.
8
What is the remainder when 7447 is divided by 19?
18
Calculate the remainder when 298 is divided by 23.
22
What is the remainder when 37 is divided by 15?
7
What is the remainder when 303 is divided by 38?
37
Calculate the remainder when 2303 is divided by 72.
71
What is the remainder when 444 is divided by 37?
0
Calculate the remainder when 245 is divided by 40.
5
Calculate the remainder when 411 is divided by 185.
41
What is the remainder when 606 is divided by 38?
36
What is the remainder when 104 is divided by 6?
2
What is the remainder when 519 is divided by 10?
9
What is the remainder when 388 is divided by 45?
28
What is the remainder when 493 is divided by 287?
206
Calculate the remainder when 3430 is divided by 73.
72
What is the remainder when 594 is divided by 29?
14
Calculate the remainder when 173 is divided by 11.
8
What is the remainder when 592 is divided by 24?
16
What is the remainder when 217 is divided by 59?
40
What is the remainder when 311 is divided by 63?
59
What is the remainder when 1315 is divided by 47?
46
Calculate the remainder when 3669 is divided by 102.
99
Calculate the remainder when 111 is divided by 4.
3
What is the remainder when 494 is divided by 44?
10
Calculate the remainder when 4168 is divided by 27.
10
What is the remainder when 527 is divided by 133?
128
What is the remainder when 323 is divided by 65?
63
Calculate the remainder when 216 is divided by 11.
7
What is the remainder when 1317 is divided by 165?
162
What is the remainder when 107 is divided by 96?
11
What is the remainder when 207 is divided by 19?
17
What is the remainder when 104 is divided by 57?
47
Calculate the remainder when 66 is divided by 6.
0
Calculate the remainder when 1573 is divided by 75.
73
Calculate the remainder when 21 is divided by 18.
3
What is the remainder when 490 is divided by 15?
10
What is the remainder when 449 is divided by 57?
50
What is the remainder when 1042 is divided by 55?
52
Calculate the remainder when 450 is divided by 159.
132
Calculate the remainder when 132 is divided by 24.
12
Calculate the remainder when 79 is divided by 18.
7
What is the remainder when 523 is divided by 131?
130
What is the remainder when 52 is divided by 5?
2
What is the remainder when 49 is divided by 40?
9
What is the remainder when 434 is divided by 104?
18
What is the remainder when 719 is divided by 45?
44
Calculate the remainder when 628 is divided by 90.
88
Calculate the remainder when 49 is divided by 40.
9
Calculate the remainder when 1501 is divided by 188.
185
Calculate the remainder when 446 is divided by 104.
30
Calculate the remainder when 204 is divided by 73.
58
What is the remainder when 234 is divided by 56?
10
Calculate the remainder when 24225 is divided by 466.
459
What is the remainder when 82 is divided by 49?
33
Calculate the remainder when 2713 is divided by 18.
13
What is the remainder when 655 is divided by 39?
31
Calculate the remainder when 378 is divided by 16.
10
Calculate the remainder when 68 is divided by 15.
8
Calculate the remainder when 5210 is divided by 158.
154
What is the remainder when 59 is divided by 43?
16
What is the remainder when 172 is divided by 7?
4
Calculate the remainder when 243 is divided by 17.
5
What is the remainder when 269 is divided by 34?
31
Calculate the remainder when 270 is divided by 66.
6
What is the remainder when 556 is divided by 49?
17
What is the remainder when 899 is divided by 45?
44
What is the remainder when 391 is divided by 101?
88
Calculate the remainder when 139 is divided by 12.
7
Calculate the remainder when 81 is divided by 24.
9
What is the remainder when 2414 is divided by 23?
22
What is the remainder when 2586 is divided by 14?
10
Calculate the remainder when 716 is divided by 10.
6
What is the remainder when 68 is divided by 5?
3
What is the remainder when 385 is divided by 121?
22
What is the remainder when 8909 is divided by 133?
131
Calculate the remainder when 1249 is divided by 10.
9
What is the remainder when 150 is divided by 36?
6
What is the remainder when 480 is divided by 18?
12
What is the remainder when 157 is divided by 156?
1
What is the remainder when 2658 is divided by 190?
188
What is the remainder when 1591 is divided by 264?
7
Calculate the remainder when 330 is divided by 143.
44
What is the remainder when 265 is divided by 31?
17
Calculate the remainder when 449 is divided by 88.
9
What is the remainder when 2430 is divided by 485?
5
What is the remainder when 62 is divided by 15?
2
Calculate the remainder when 75 is divided by 26.
23
What is the remainder when 260 is divided by 66?
62
Calculate the remainder when 535 is divided by 18.
13
Calculate the remainder when 92 is divided by 33.
26
Calculate the remainder when 221 is divided by 74.
73
What is the remainder when 48 is divided by 10?
8
Calculate the remainder when 119 is divided by 11.
9
Calculate the remainder when 258 is divided by 49.
13
What is the remainder when 13862 is divided by 59?
56
What is the remainder when 1632 is divided by 109?
106
Calculate the remainder when 1196 is divided by 150.
146
Calculate the remainder when 680 is divided by 114.
110
Calculate the remainder when 24 is divided by 16.
8
What is the remainder when 347 is divided by 131?
85
What is the remainder when 477 is divided by 141?
54
What is the remainder when 641 is divided by 214?
213
Calculate the remainder when 4949 is divided by 989.
4
What is the remainder when 71 is divided by 7?
1
What is the remainder when 1953 is d